at is 24242 - 1130?
23112
In base 6, what is 31 + 1532530?
1533001
In base 7, what is 1305021 - 20005?
1255013
In base 3, what is -20102221 + 212002?
-12120212
In base 4, what is -1 + -33222222213212?
-33222222213213
In base 13, what is 142 + -9c7b?
-9b39
In base 4, what is -10 - -3233132112102?
3233132112032
In base 11, what is 10 + 622832?
622842
In base 16, what is b - -2198a2?
2198ad
In base 3, what is 22102100 - -1111111?
100220211
In base 12, what is 126 + -529515?
-5293ab
In base 13, what is -30 - -9c875b?
9c872b
In base 13, what is 1194596b + 2?
11945970
In base 3, what is -1101102010 - -1000211?
-1100101022
In base 11, what is -329a + -574?
-3863
In base 3, what is -21102220120000 - 11?
-21102220120011
In base 9, what is 0 + 313507568?
313507568
In base 11, what is -81a8 + -11853?
-19a50
In base 5, what is -11004403 - -101234?
-10403114
In base 13, what is -2293 + -15b2?
-3875
In base 16, what is 3 - -41bda7?
41bdaa
In base 2, what is -1110100011011011001001 - 101011010?
-1110100011100000100011
In base 14, what is -cd5a9a7 - -4?
-cd5a9a3
In base 15, what is -2e4eb2 - -1b?
-2e4e96
In base 13, what is 1335c47 - 3?
1335c44
In base 13, what is -5 - -225652?
22564a
In base 16, what is -c63ec3 - -4?
-c63ebf
In base 14, what is 1b49d4 + -3a?
1b4998
In base 15, what is 14 - -a4698a?
a4699e
In base 15, what is -1c34d - -1568?
-1acd5
In base 16, what is -caf - -b50?
-15f
In base 2, what is -11101011000001000010 + -1110101?
-11101011000010110111
In base 16, what is 1164 - -79a?
18fe
In base 9, what is -14757138 - -5?
-14757133
In base 3, what is -1012210 + 1222110?
202200
In base 5, what is 111341030 - 10?
111341020
In base 8, what is -1235543 + -21?
-1235564
In base 7, what is 10156 + -311006?
-300520
In base 5, what is -4001133 + -2333?
-4004021
In base 7, what is -5 - 221064566?
-221064604
In base 16, what is d4fe + b?
d509
In base 4, what is 102321 + -20212131?
-20103210
In base 14, what is 674da0 + -27?
674d77
In base 6, what is -5 + -144414353?
-144414402
In base 7, what is -4020 + -2065051?
-2102101
In base 6, what is -210000212 + 3?
-210000205
In base 11, what is -98202 + -1a33?
-9a135
In base 9, what is -6885 + -1063?
-8058
In base 13, what is -8189 + 424?
-7a65
In base 3, what is 22212222 + 11021011012?
11121001011
In base 16, what is 4 + 65a99?
65a9d
In base 8, what is 411 - -10024?
10435
In base 12, what is -5 + 5871a7?
5871a2
In base 3, what is -12111002 + 102102111?
12221102
In base 14, what is a9 + 15dcab?
15dd76
In base 9, what is 63 + -61184?
-61121
In base 13, what is -228 - -21041?
20b16
In base 5, what is 24300421 + -1?
24300420
In base 6, what is -1442 - -14100415?
14054533
In base 11, what is -277 + -327168?
-327434
In base 9, what is 638885853 - -5?
638885858
In base 8, what is -3374 - -136257?
132663
In base 9, what is -3 + -2264762?
-2264765
In base 12, what is 17011a - 1?
170119
In base 14, what is -5c650 + 552?
-5c0dc
In base 4, what is 21 + 210312033123?
210312033210
In base 11, what is 488 + 1552a?
15a07
In base 10, what is 766 + -4560?
-3794
In base 13, what is 19b69 - 505?
19664
In base 7, what is 1262 - 12301004?
-12266412
In base 10, what is 95012 - 4804?
90208
In base 4, what is -21311230301111 + -2?
-21311230301113
In base 14, what is -2009 - -3b6?
-1a33
In base 12, what is 1b6a3b + 17?
1b6a56
In base 13, what is -2876a2b - -2?
-2876a29
In base 9, what is 53868 + -42?
53826
In base 7, what is -520112420 + 0?
-520112420
In base 2, what is 11001100111101000100101 - 0?
11001100111101000100101
In base 3, what is -1000201 - -2000000101?
1221222200
In base 9, what is -13646440 - -2?
-13646437
In base 14, what is -1082 + -23c5?
-3467
In base 7, what is 245306 - -5306?
253615
In base 15, what is 5 + -43ea2b9?
-43ea2b4
In base 11, what is 4 - 1a5557?
-1a5553
In base 14, what is -724aa9 + 3?
-724aa6
In base 8, what is -5 + -116767453?
-116767460
In base 4, what is -100 + 10332131102?
10332131002
In base 3, what is -2010202202102 + 10?
-2010202202022
In base 9, what is -7757622 - 23?
-7757645
In base 4, what is -21 - 311013311221?
-311013311302
In base 16, what is 1c + -5487f?
-54863
In base 5, what is -31332400 - -4?
-31332341
In base 11, what is 396 - 6750a?
-67124
In base 15, what is -e2 - -1e270?
1e17d
In base 4, what is 200133 + 11112?
211311
In base 14, what is -788 - 21ca2?
-2264a
In base 7, what is 2 + -4241550230?
-4241550225
In base 11, what is 16572 + a8?
1666a
In base 16, what is -4 + -5a20876?
-5a2087a
In base 8, what is -1303731 - -4310?
-1277421
In base 3, what is 222002 - 1200011010?
-1122012001
In base 14, what is 5d1 - b937?
-b346
In base 10, what is -5713 + -76038?
-81751
In base 12, what is -6a1 + -1b7a7?
-20288
In base 10, what is 2 + -8629140?
-8629138
In base 4, what is -313112323313 - 10?
-313112323323
In base 6, what is -22213 + 1425?
-20344
In base 11, what is -23761 + 859?
-22a03
In base 6, what is 140002 + 33202?
213204
In base 13, what is -23824 - 759?
-24280
In base 4, what is -11031221201 - -102?
-11031221033
In base 15, what is 3 - -196a2c6?
196a2c9
In base 5, what is -20331234 - -221?
-20331013
In base 6, what is 122112311 + 4?
122112315
In base 2, what is 110 - -1001011001000010010101?
1001011001000010011011
In base 15, what is -156e0 + -38c?
-15a7c
In base 15, what is -4 + -37a9c?
-37aa1
In base 7, what is -16466 - 1012111?
-1031610
In base 12, what is -21b1 - 1728?
-3919
In base 3, what is -110112021222 + 11?
-110112021211
In base 16, what is bf5ec - -1e?
bf60a
In base 6, what is 51111355 - -1353?
51113152
In base 12, what is 17b918aa - -3?
17b918b1
In base 3, what is 11022 - 100000111220?
-100000100121
In base 2, what is -100110000010011 - 10111101?
-100110011010000
In base 12, what is 0 + -5160868?
-5160868
In base 4, what is 2303132302 + -22?
2303132220
In base 4, what is 32110131100 - 0?
32110131100
In base 8, what is 1214133 + 276?
1214431
In base 3, what is 1101122212 - -101201?
1102001120
In base 12, what is 176 - -45952?
45b08
In base 13, what is -624c9727 - 1?
-624c9728
In base 4, what is -101222 + -330333?
-1032221
In base 10, what is -4 + -309509?
-309513
In base 16, what is 1b + -562f?
-5614
In base 5, what is 213201332432 + 10?
213201332442
In base 15, what is 1b - -219b1e?
219b3a
In base 12, what is -1000 + 9232?
8232
In base 2, what is -1001001001010010 + 100101111?
-1001000100100011
In base 13, what is 4 - 2c8710?
-2c8709
In base 7, what is 46 + 2200545?
2200624
In base 2, what is -10000111111101010100100 - -1?
-10000111111101010100011
In base 3, what is 1010 - 10102100212?
-10102022202
In base 14, what is 3 - -43dd1d?
43dd22
In base 14, what is -707 - 21d6?
-28dd
In base 3, what is -1100000010110212 - -11?
-1100000010110201
In base 12, what is -341061 - 1b?
-341080
In base 16, what is -5 - 6ac38?
-6ac3d
In base 16, what is dd81483 - 3?
dd81480
In base 6, what is 1021 - 143504?
-142443
In base 16, what is 2941c + -af?
2936d
In base 10, what is 1337 - 77716?
-76379
In base 9, what is 5 - -2061806?
2061812
In base 16, what is -3 + -28ea914?
-28ea917
In base 8, what is 1716 + 615762?
617700
In base 12, what is 1b088357 + -10?
1b088347
In base 6, what is 414013345 - 4?
414013341
In base 15, what is -12431741 - 5?
-12431746
In base 8, what is 162 - 377472?
-377310
In base 6, what is -312134 + -243050?
-555224
In base 8, what is 466 - 111605?
-111117
In base 4, what is -203313032 + -201030?
-210120122
In base 14, what is 19 - 20c1a1?
-20c186
In base 6, what is 1105240 - -315?
1105555
In base 14, what is -6844b703 - 3?
-6844b706
In base 16, what is dbef91 + 3?
dbef94
In base 6, what is 1421242 - -1401?
1423043
In base 13, what is -2 - 266c28?
-266c2a
In base 16, what is -d6460f - 0?
-d6460f
In base 3, what is -10020002202 + 102100?
-10012200102
In base 10, what is 9524173 + -8?
9524165
In base 11, what is -12557 - 5195?
-17741
In base 3, what is 11200222 + 1012012001?
1100220000
In base 4, what is -10333121230333 - -21?
-10333121230312
In base 4, what is 1200333 + 10231?
1211230
In base 13, what is -206 + -b7869?
-b7a72
In base 15, what is -1a252bb + 2?
-1a252b9
In base 4, what is -321121 + 3203330?
2222203
In base 9, what is 1771 + -103335?
-101454
In base 6, what is -231015 + 24000?
-203015
In base 6, what is 2500 - 1310150?
-1303250
In base 6, what is -1010 - 12002354?
